2*t - 1215*t - 2*s + 1538 = 0, -2*t = -3*s - 1021. What is the highest common divisor of 16 and t?
16
Suppose -80*y = y - 36936. Calculate the greatest common factor of y and 96.
24
Let n = 122 - 66. Suppose -87 + 208 + 279 = 20*m. Calculate the greatest common divisor of n and m.
4
Let k be 3252/36 - (4/(-6) - -1). Suppose 5*v - 678 = -3*i, 9*v - 5*v - 535 = 5*i. Calculate the highest common factor of k and v.
45
Suppose 2*x + 5 = 25. Let n = 95 + 112. Suppose -7*m = -n - 423. What is the greatest common factor of x and m?
10
Suppose x - 40 = -2*n - 2, 0 = -5*x - 4*n + 208. Let a(b) = b**2 - 4*b + 11. Let r be a(5). Let z = r + -5. Calculate the greatest common divisor of z and x.
11
Suppose 3*b + 5*v - 1687 = 38, 0 = -b - 2*v + 576. Let z = 1021 - b. Calculate the highest common factor of 22 and z.
11
Suppose -758 + 108 = -10*b. Suppose 10*i - 2*i - 208 = 0. What is the highest common divisor of b and i?
13
Suppose 5*r - 52 = 108. Suppose -6973*b = -6396*b - 295424. Calculate the greatest common divisor of b and r.
32
Let q be (12/15)/((-14)/(-140)). Let w be (-9 + -201)*-2*2/q. Calculate the highest common factor of w and 120.
15
Let l(s) = -4*s**3 + 4*s**2 - 48*s - 296. Let f be l(-8). What is the highest common factor of 1472 and f?
184
Suppose -29*w - h = -24*w - 4166, 0 = -5*w + 5*h + 4190. Suppose 16*i - w = 286. What is the greatest common divisor of i and 245?
35
Let k be 45/(-30)*2*-1. Suppose 0 = t + 2*w - 26, -k*t + w = 2*t - 119. What is the highest common divisor of 6 and t?
6
Let o(z) = -3*z**2 + 24*z - 21. Let u be o(9). Let x be u/10*(-7)/((-70)/(-25)). What is the highest common factor of x and 48?
12
Let m(c) = -c**3 - 12*c**2 - 7*c - 1. Let k be m(-12). Let a = k - 54. Suppose -a - 187 = -8*y. Calculate the greatest common factor of y and 45.
9
Suppose 9*q - 2510 + 458 = 0. Suppose 4*c = -0*t + t + q, t = -c + 57. What is the highest common factor of 285 and c?
57
Suppose 2*r = -35 + 23. Let w be r*(-3 - (-75)/(-9)). Calculate the greatest common divisor of 170 and w.
34
Let a(b) = 36*b - 153. Let l be a(5). Suppose 4*g = 5*d - 1235, -47 + l = 4*g. What is the greatest common factor of 27 and d?
27
Suppose -x = -s - 19 - 311, -1288 = -4*x - 4*s. Suppose 0 = -7*h + x + 276. Calculate the greatest common divisor of 215 and h.
43
Let u = -2647 - -2780. Calculate the highest common divisor of u and 57.
19
Let f be 1*31/7 + (-9)/21. Suppose g - 29 = -b, f*g - 119 = 10*b - 11*b. Let i = -2 - -8. Calculate the greatest common divisor of g and i.
6
Let k(i) = -5*i + 1. Let n be k(-8). Let r = n + -23. Suppose 0 = -2*z + y + 54 + 32, 94 = 2*z + y. What is the highest common divisor of r and z?
9
Let h be 4 + -25 + 5724 + -63. Calculate the greatest common factor of h and 423.
141
Suppose 0 = 2*d + 3*p, 5*d - 5*p = 8*d + 1. Calculate the highest common factor of 483 and d.
3
Let c(d) = 3*d**2 - 1. Let z(m) = -m**3 - 10*m**2 - 12*m + 15. Let o(f) = -3*c(f) - z(f). Let p be o(5). Calculate the greatest common divisor of 72 and p.
18
Suppose 18 = 7*p - 255. What is the greatest common factor of p and 7761?
39
Let t(i) = -86*i + 82. Let j be t(4). Let w be j/(-12) + 0 + (-2)/(-12). Calculate the greatest common divisor of 55 and w.
11
Suppose 0 = -6*o - 6*o. Suppose 250 = 2*k - g - 40, o = 3*g. What is the highest common divisor of k and 29?
29
Let q = -262 + 416. Let g = q - 55. Suppose -3*u + 2*u + 137 = 4*p, 3*u - 81 = -2*p. What is the greatest common divisor of g and p?
33
Let y = -214 + 280. Suppose -y = -h + 60. Calculate the highest common divisor of 36 and h.
18
Let i = 239 + -235. Suppose j + 176 = 5*j. Calculate the greatest common divisor of j and i.
4
Suppose -3 = x - 2*s, s + 6 = 4*s. Let k(p) = 148*p**3 + p**2 + 3*p - 4. Let r be k(x). What is the greatest common divisor of 4 and r?
4
Let v(p) = 16*p**2 + 113*p + 732. Let j be v(-7). Calculate the highest common divisor of j and 116.
29
Let v(i) = 56*i - 10. Let y be v(-2). Suppose 2*c + 0*o + o = -158, -5*o = 0. Let s = c - y. Calculate the highest common divisor of 301 and s.
43
Let f(v) = -115*v**2 - 11*v + 13. Let i(q) = 461*q**2 + 46*q - 51. Let x(t) = -9*f(t) - 2*i(t). Let p be x(2). What is the highest common divisor of p and 11?
11
Let g be -10*(-14)/175 + (-42)/(-10). Suppose -q + 3*l = -5, -1 = -q - l + 2*l. Let u be (-210)/63*(q - g). What is the greatest common factor of 60 and u?
20
Let y be (0 - 1) + 54 + 1. Suppose 54*k + 62*k = 17298 - 594. Calculate the greatest common factor of k and y.
18
Let c = -175 + 165. Let k be ((-1)/(-1))/(c/(-510)). Let h be ((-952)/14)/(2/(-12)). Calculate the highest common factor of h and k.
51
Let y(g) = 3*g - 32. Let c be y(11). Let k be (((-160)/(-25))/(-2))/(c/5). Let o = 40 + k. What is the greatest common factor of 18 and o?
6
Let q = -6280 - -6467. Suppose 3 = z, -d - 2*z + 45 = 2*z. What is the highest common factor of d and q?
11
Let u be -4 - ((-16)/(-32) + 11/2). Let q be 5*(0 - 38/u). Suppose 0 = 15*d - q*d + 748. Calculate the greatest common factor of 11 and d.
11
Let g be (8 + 5 - 11) + 2*1. Suppose 0 = g*b + 12, -5*q = -44*b + 39*b - 65. What is the highest common factor of 240 and q?
10
Suppose 64*j + 33*j + 32*j = 9288. Calculate the greatest common divisor of 153 and j.
9
Suppose 2*a = 3*a. Let p(j) = 4*j**2 + 3*j + 2. Let u be p(-1). Suppose -2*v + u = z - 7, -5*v - 2*z + 26 = a. Calculate the greatest common factor of 4 and v.
2
Suppose 4*m - 10 - 2 = 0. Suppose -m*d - 206 = -638. Suppose 48 - d = -4*c. What is the greatest common divisor of c and 84?
12
Let v be 4/((-36)/(-353)) - 11/((-990)/(-20)). What is the highest common factor of v and 10023?
39
Let p be (-66)/(-4)*(-44)/(-3). Suppose -10*w + 7*w - 5*l + 91 = 0, 1 = 3*w - 13*l. What is the highest common factor of w and p?
22
Let v(s) = s**3 - 15*s**2 - 33*s - 17. Let c be v(29). What is the greatest common divisor of 48 and c?
48
Suppose 3*r = 4*j - 6100, 106*j = 107*j - 2*r - 1525. What is the highest common divisor of 45 and j?
5
Let o(s) = s + s**2 - 2*s**2 - 2*s - 4*s + 19. Let q be o(-6). Suppose q*z - 2275 = -0*z. Calculate the greatest common divisor of z and 35.
35
Let n(u) = 168*u + 1959. Let h be n(5). Calculate the highest common factor of h and 63.
9
Suppose 3*x = -0*x - 35*x + 60268. Calculate the highest common factor of 78 and x.
26
Let b be 2 - (-12)/(-4) - (3 - 9). Suppose b*v - v - r = 67, -r - 31 = -2*v. What is the highest common divisor of 36 and v?
18
Let i(f) = -41*f + 24. Let x be i(-4). Suppose -15*r = -18*r - 12, 2*r + x = 3*d. Calculate the greatest common divisor of d and 40.
20
Let t(o) = o**2 - 8*o + 43. Let k be t(13). Let m = -18 - -29. Suppose 81 = -8*v + m*v. What is the greatest common divisor of k and v?
27
Suppose -122*q - 11*q + 4635 = -52821. What is the highest common factor of 1744 and q?
16
Let d = 2687 - -24200. What is the greatest common factor of 483 and d?
161
Suppose -1078 = 1300*p - 1377*p. What is the highest common divisor of p and 679?
7
Let i be ((-28)/(-112))/((-1)/(-32)). Suppose -4*p = -164 + i. What is the highest common factor of p and 39?
39
Let g be (138/(-18))/(-9 - (-6066)/675). What is the highest common divisor of 125 and g?
25
Let c = 387 + -283. Suppose -g - c = -6*s + s, 5*g = s - 16. What is the greatest common divisor of s and 231?
21
Let o(y) = 2*y + 10. Let l be o(8). Suppose -2*p = -4, 2458 = 11*h - 8*h + 5*p. Suppose 0 = -11*u + 1472 + h. What is the highest common divisor of l and u?
26
Suppose -93 - 22 = -5*k. Let f be -149*(0 + 2)*18/(-36). Suppose -5*l + 12 = m - f, 0 = 3*l. What is the highest common factor of k and m?
23
Let y(r) = 12*r - 51. Let l be y(10). Let k = l + -51. Calculate the highest common factor of 72 and k.
18
Suppose -3*s - 4*s = -4256. Suppose -5*h + 242 = -s. Suppose 5*q - h = -45. Calculate the highest common divisor of q and 175.
25
Let a(r) = r**2 + 115*r + 804. Let x be a(-112). What is the greatest common factor of x and 3159?
117
Suppose -3 + 2753 = v. What is the highest common factor of 375 and v?
125
Suppose -c + 2*l = 4*c + 60, 3*l - 48 = 4*c. Let x be 460/12 + -4 + c/9. What is the highest common divisor of x and 297?
33
Let m = 325 + -82. Calculate the highest common divisor of m and 12.
3
Let j be ((-684)/190)/(3/(-160)*2). What is t